ppose o*c = c - 8. What is the greatest common divisor of 64 and c?
8
Suppose -557 = -11*i + 1555. What is the highest common divisor of 12 and i?
12
Let b be (-14)/63 - 112/(-18). Suppose 4*d + 4*p - 92 = 0, -b*d + 4*d + 2*p = -50. Calculate the greatest common divisor of 60 and d.
12
Let i be 7/(28/96) - 1. What is the greatest common factor of i and 92?
23
Let h be 145/11 - 32/176. What is the highest common divisor of 104 and h?
13
Let w(l) = 5*l**2 + 2*l + 3. Let d be w(-5). Let j = d + -19. Calculate the highest common factor of j and 11.
11
Suppose -1 + 7 = 3*n. Let q = 10 + n. Let l = 86 - 38. What is the greatest common divisor of q and l?
12
Let g be (2/(-4))/(1/(-4)). Let m = -3 + 7. Let s be (m/(-8))/(1/(-4)). Calculate the greatest common factor of g and s.
2
Suppose j = 0, q - 3 - 45 = -3*j. Suppose 0 = -4*z - 0 + q. Calculate the greatest common factor of z and 84.
12
Let h(y) = y**3 + 6*y**2 + 4*y + 5. Let w = -13 + 8. Let g be h(w). Let p(u) = u + 3. Let b be p(g). What is the highest common divisor of 91 and b?
13
Let y be (-20)/50 + ((-231)/15)/(-1). Calculate the greatest common factor of 195 and y.
15
Let j(q) = q**2 + q + 186. Let v be j(0). Suppose -g - v = -0*g. Let i be 2/(-7) - g/14. Calculate the greatest common factor of 52 and i.
13
Let g be 144*((-75)/9)/(-5). What is the greatest common divisor of 48 and g?
48
Suppose 5*i - 15 = 4*w - 35, -49 = 3*i + 5*w. Let j = i + 6. Let u = j + 23. Calculate the highest common divisor of u and 3.
3
Let v = 176 - 106. Let q = 37 + -30. Calculate the greatest common factor of q and v.
7
Let t = -97 + 187. What is the highest common divisor of t and 36?
18
Let w be ((-10)/(-3))/(4/(-6)). Let z = -4 - w. Let t be z/3 + (-416)/(-12). Calculate the greatest common divisor of t and 5.
5
Suppose -7 = -q - 5*g - 0*g, 4 = 4*g. Let s be 12/(-15)*110/(-4). What is the greatest common divisor of q and s?
2
Let k(i) = 7*i - 62. Let z be k(10). What is the highest common divisor of z and 12?
4
Suppose -5*g + 6 = -9. Suppose -3*i + 28 = -0*z + 5*z, -i + 12 = g*z. Calculate the highest common divisor of 2 and i.
2
Let x be ((-2)/(-3))/((-2)/(-15)). Suppose -x*l + 4 = -2*n, n = 5*l - 3*l. What is the highest common divisor of 1 and n?
1
Let s = 30 + -27. Calculate the highest common divisor of s and 33.
3
Let v = 5 + -3. Let l be 88*(-2 - (v + -5)). Let x = 88 + l. Calculate the greatest common divisor of x and 16.
16
Suppose -f + 3*f = -244. Let j = f + 65. Let a = 93 + j. Calculate the highest common divisor of 54 and a.
18
Let g = -26 + 71. Let i(y) = -2*y + 3. Let u be i(4). Let k = u + 10. What is the greatest common factor of k and g?
5
Let r(f) = -129*f**3 + f**2 - 3*f - 3. Let g be r(-1). Calculate the greatest common divisor of g and 52.
26
Let q(c) = -6*c - 4. Let o be q(2). Let v = o + 27. Suppose -2*b - 274 = 2*p - 5*p, 2*p - 3*b = 191. What is the greatest common factor of v and p?
11
Let u = -4 + 8. Suppose u*n - 28 = 12. Calculate the greatest common factor of n and 90.
10
Suppose -5*g = -2*j - 24, -3*j = -g + 2 - 5. Let s = g + 1. Let u = -31 - -52. What is the highest common factor of s and u?
7
Let k be 9/(-18) - (-161)/2. Let o be k/(-6)*(-264)/20. Calculate the highest common divisor of 16 and o.
16
Let h(r) = 30*r**2 + r + 2. Let v(i) = -i - 7. Let n be v(-5). Let y be h(n). What is the greatest common factor of 15 and y?
15
Let x(g) = -g**2 - 15*g + 14. Let n be x(-14). Calculate the highest common factor of 70 and n.
14
Let b(k) = 3*k**2 - k + 2. Suppose -5*o + p = -19, 3*p = p - 8. Let m be b(o). Calculate the highest common divisor of 39 and m.
13
Let s = -11 - -15. Suppose -k + 4 = -s. Calculate the highest common factor of k and 8.
8
Suppose -3*w + 1 = -17. Let b = 16 + -1. What is the highest common divisor of w and b?
3
Let b = 6 + -4. Suppose 6*a - 5*a - 2*m + 14 = 0, 3*m = 3. Let v = 14 + a. Calculate the greatest common factor of b and v.
2
Let d = 18 + 2. Let y be (-1)/(6/(-244)) - 20/30. Calculate the greatest common divisor of d and y.
20
Suppose 21 = -4*l + 4*d + 157, 25 = 5*d. Calculate the greatest common factor of 39 and l.
39
Let b(x) = 2 - 4 - 1 - 2*x + 2. Let f be b(-2). Suppose 4*u + w = 27, 4*u - 2*w + 0*w = 18. What is the greatest common factor of f and u?
3
Suppose 0*u - 4*u + 32 = 0. Suppose -2*g = 26 + u. Let p = 30 + g. Calculate the highest common factor of p and 52.
13
Suppose 0*s - a - 7 = -4*s, -2*s - a + 5 = 0. Suppose 13 + 4 = c + 5*p, 0 = -s*c + 3*p + 21. Calculate the greatest common divisor of c and 8.
4
Let p(y) = -8*y - 2. Let w be p(-4). Suppose -7*o + 2*o = -w. What is the greatest common factor of 6 and o?
6
Let i be 628/(-10)*30/(-12). Suppose -5*f + 143 + i = 0. What is the highest common divisor of f and 15?
15
Suppose -2*r - o = -132, 0 = 3*r - o - 0*o - 188. Let f be (-182)/(-21) + (-4)/6. Calculate the greatest common divisor of r and f.
8
Let j = -6 + 8. Let s(u) = 8*u**2 - 5*u + 4. Let l be s(j). Calculate the highest common factor of l and 52.
26
Let x(s) = s**3 - 9*s**2 - 2*s + 6. Let g be x(9). Let h be g/15*(-225)/2. Calculate the highest common factor of h and 10.
10
Suppose 0 = -14*z + 10*z + 36. Calculate the greatest common factor of 72 and z.
9
Suppose -b + 3*b + 5*w = 110, -2*b + 104 = 2*w. Let a = 8 + 2. Calculate the highest common factor of a and b.
10
Let k be 6/(-18)*30/(-2). Suppose -3*a + a + 10 = -l, -k*l = -20. What is the greatest common factor of 56 and a?
7
Suppose 0 = 4*w, 2*t - 72 = -0*w + 4*w. Calculate the highest common factor of t and 180.
36
Suppose 4*u + 15 = -5*t - u, -2*u = -4*t + 18. Let l be t/(-2 - 0)*-1. What is the greatest common factor of l and 4?
1
Let f(k) = k**2 + 5. Let i be f(0). Suppose 5*u - 594 = -i*g + 4*u, -3*g - u + 356 = 0. What is the highest common factor of g and 17?
17
Suppose -s + 155 = -4*r, 2*r = 4*s - 3*r - 587. Suppose 0 = -4*c - 3*z + s, 0 = 7*c - 3*c + 5*z - 145. What is the greatest common factor of c and 14?
7
Suppose 5*w - 60 = 5. What is the highest common divisor of 91 and w?
13
Let u(y) = -y**2 + 9*y. Let i be u(6). Let x = 30 - i. Calculate the greatest common factor of x and 84.
12
Let q(c) = -c**2 + 19*c + 12. Let r be q(16). Calculate the highest common divisor of 24 and r.
12
Let r(s) = -9*s - 4. Let o be r(-1). What is the greatest common factor of 15 and o?
5
Suppose f = 5*f + 1048. Let z = 141 + f. Let m be (-1*2)/(2/z). Calculate the greatest common divisor of 11 and m.
11
Suppose 0 = -10*p + 134 + 146. What is the highest common factor of 196 and p?
28
Let x be 6/(-3) + 6*1. Suppose -3*o = 5*f - 436, -4*o = -6*o - x*f + 288. Let k = o - 75. Calculate the greatest common divisor of 11 and k.
11
Let l be 2*(-2 - (-5)/2). Let s be l/4 + (-1054)/(-8). What is the highest common factor of s and 12?
12
Let g = 140 - 100. Suppose -g = 6*i - 11*i. Let z be (-28)/1*(-26)/i. Calculate the greatest common factor of z and 13.
13
Let d = -6 - 0. Let q be 0*(-2)/d + 3. Calculate the highest common factor of q and 1.
1
Let s(y) = y**2 - 5*y - 9. Let h be s(7). Let n = 13 - h. Let j be 220/(-3)*(-6)/5. Calculate the greatest common divisor of n and j.
8
Suppose -16 = x - 2*x + 2*v, 2*x + 3 = -3*v. Let q be (3/1 - 3)/(-1). Suppose m - 3 + 1 = q. What is the highest common factor of m and x?
2
Suppose -b = -2*b + 91. Let x = -27 + 40. What is the greatest common factor of x and b?
13
Let n be 1/1 + -99 - -2. Let w be ((-20)/8)/(3/n). What is the highest common divisor of w and 10?
10
Let a be (-2)/3 - 58/(-6). Let s = a + -1. Let v be (-1 + (6 - 4))*72. What is the greatest common divisor of v and s?
8
Let w = 11 + -6. Suppose 4*m + 2*s + 2*s + 8 = 0, w*s + 14 = -3*m. Calculate the highest common divisor of 14 and m.
2
Suppose 2*h + 7 - 1 = 0, -4*q - 4*h = -12. Calculate the highest common divisor of 42 and q.
6
Suppose x + 204 = 5*x. Let d be 1 + -1 - 0 - 0. Suppose d = -8*t + 3*t + 85. What is the greatest common factor of x and t?
17
Let d = 54 + -40. What is the greatest common divisor of d and 21?
7
Suppose -4*i + 5*x + 16 = 0, -5*i - 9 = 4*x - 29. Let y = -3 + i. Let d = 4 + y. What is the greatest common factor of 35 and d?
5
Let q be (4 + -2)*34 + -2. What is the greatest common factor of q and 6?
6
Suppose -4*j = 12, -s = -0*s - 5*j - 24. Let v = 10 